{"id":2714,"date":"2021-08-12T20:01:18","date_gmt":"2021-08-12T20:01:18","guid":{"rendered":"http:\/\/admichess.com\/floridacoop\/?page_id=2714"},"modified":"2021-08-12T20:09:12","modified_gmt":"2021-08-12T20:09:12","slug":"hazte-socio-oficina-central-florida","status":"publish","type":"page","link":"https:\/\/admichess.com\/floridacoop\/hazte-socio-oficina-central-florida\/","title":{"rendered":"Hazte Socio &#8211; Oficina Central, Florida"},"content":{"rendered":"<div class=\"wpforms-container wpforms-container-full\" id=\"wpforms-2719\"><form id=\"wpforms-form-2719\" class=\"wpforms-validate wpforms-form\" data-formid=\"2719\" method=\"post\" enctype=\"multipart\/form-data\" action=\"\/floridacoop\/wp-json\/wp\/v2\/pages\/2714\" data-token=\"d95fa2b9f3fe6afd8d6b6db15bc46772\"><div class=\"wpforms-head-container\"><div class=\"wpforms-title\">Solicitud de Socio - Oficina Central, Florida<\/div><\/div><noscript class=\"wpforms-error-noscript\">Please enable JavaScript in your browser to complete this form.<\/noscript><div class=\"wpforms-field-container\"><div id=\"wpforms-2719-field_1-container\" class=\"wpforms-field wpforms-field-text\" data-field-id=\"1\"><label class=\"wpforms-field-label\" for=\"wpforms-2719-field_1\">Nombre Completo <span class=\"wpforms-required-label\">*<\/span><\/label><input type=\"text\" id=\"wpforms-2719-field_1\" class=\"wpforms-field-medium wpforms-field-required\" name=\"wpforms[fields][1]\" required><\/div><div id=\"wpforms-2719-field_3-container\" class=\"wpforms-field wpforms-field-text\" data-field-id=\"3\"><label class=\"wpforms-field-label\" for=\"wpforms-2719-field_3\">Seguro Social <span class=\"wpforms-required-label\">*<\/span><\/label><input type=\"text\" id=\"wpforms-2719-field_3\" class=\"wpforms-field-medium wpforms-field-required\" name=\"wpforms[fields][3]\" required><\/div><div id=\"wpforms-2719-field_4-container\" class=\"wpforms-field wpforms-field-text\" data-field-id=\"4\"><label class=\"wpforms-field-label\" for=\"wpforms-2719-field_4\">Fecha de Nacimiento <span class=\"wpforms-required-label\">*<\/span><\/label><input type=\"text\" id=\"wpforms-2719-field_4\" class=\"wpforms-field-medium wpforms-field-required\" name=\"wpforms[fields][4]\" required><div class=\"wpforms-field-description\">MM\/DD\/YYYY<\/div><\/div><div id=\"wpforms-2719-field_5-container\" class=\"wpforms-field wpforms-field-number\" data-field-id=\"5\"><label class=\"wpforms-field-label\" for=\"wpforms-2719-field_5\">N\u00famero de licencia <span class=\"wpforms-required-label\">*<\/span><\/label><input type=\"number\" pattern=\"\\d*\" id=\"wpforms-2719-field_5\" class=\"wpforms-field-medium wpforms-field-required\" name=\"wpforms[fields][5]\" required><\/div><div id=\"wpforms-2719-field_6-container\" class=\"wpforms-field wpforms-field-text\" data-field-id=\"6\"><label class=\"wpforms-field-label\" for=\"wpforms-2719-field_6\">Fecha de Expiraci\u00f3n <span class=\"wpforms-required-label\">*<\/span><\/label><input type=\"text\" id=\"wpforms-2719-field_6\" class=\"wpforms-field-medium wpforms-field-required\" name=\"wpforms[fields][6]\" required><div class=\"wpforms-field-description\">MM\/DD\/YYYY<\/div><\/div><div id=\"wpforms-2719-field_7-container\" class=\"wpforms-field wpforms-field-textarea\" data-field-id=\"7\"><label class=\"wpforms-field-label\" for=\"wpforms-2719-field_7\">Direcci\u00f3n F\u00edsica <span class=\"wpforms-required-label\">*<\/span><\/label><textarea id=\"wpforms-2719-field_7\" class=\"wpforms-field-medium wpforms-field-required\" name=\"wpforms[fields][7]\" required><\/textarea><\/div><div id=\"wpforms-2719-field_8-container\" class=\"wpforms-field wpforms-field-textarea\" data-field-id=\"8\"><label class=\"wpforms-field-label\" for=\"wpforms-2719-field_8\">Direcci\u00f3n Postal <span class=\"wpforms-required-label\">*<\/span><\/label><textarea id=\"wpforms-2719-field_8\" class=\"wpforms-field-medium wpforms-field-required\" name=\"wpforms[fields][8]\" required><\/textarea><\/div><div id=\"wpforms-2719-field_9-container\" class=\"wpforms-field wpforms-field-number\" data-field-id=\"9\"><label class=\"wpforms-field-label\" for=\"wpforms-2719-field_9\">N\u00famero de Tel\u00e9fono <span class=\"wpforms-required-label\">*<\/span><\/label><input type=\"number\" pattern=\"\\d*\" id=\"wpforms-2719-field_9\" class=\"wpforms-field-medium wpforms-field-required\" name=\"wpforms[fields][9]\" required><\/div><div id=\"wpforms-2719-field_10-container\" class=\"wpforms-field wpforms-field-text\" data-field-id=\"10\"><label class=\"wpforms-field-label\" for=\"wpforms-2719-field_10\">Lugar de Empleo <span class=\"wpforms-required-label\">*<\/span><\/label><input type=\"text\" id=\"wpforms-2719-field_10\" class=\"wpforms-field-medium wpforms-field-required\" name=\"wpforms[fields][10]\" required><\/div><div id=\"wpforms-2719-field_11-container\" class=\"wpforms-field wpforms-field-text\" data-field-id=\"11\"><label class=\"wpforms-field-label\" for=\"wpforms-2719-field_11\">Ocupaci\u00f3n <span class=\"wpforms-required-label\">*<\/span><\/label><input type=\"text\" id=\"wpforms-2719-field_11\" class=\"wpforms-field-medium wpforms-field-required\" name=\"wpforms[fields][11]\" required><\/div><div id=\"wpforms-2719-field_12-container\" class=\"wpforms-field wpforms-field-email\" data-field-id=\"12\"><label class=\"wpforms-field-label\" for=\"wpforms-2719-field_12\">Correo Electr\u00f3nico <span class=\"wpforms-required-label\">*<\/span><\/label><input type=\"email\" id=\"wpforms-2719-field_12\" class=\"wpforms-field-medium wpforms-field-required\" name=\"wpforms[fields][12]\" required><\/div><\/div><div class=\"wpforms-submit-container\" ><input type=\"hidden\" name=\"wpforms[id]\" value=\"2719\"><input type=\"hidden\" name=\"wpforms[author]\" value=\"1\"><button type=\"submit\" name=\"wpforms[submit]\" class=\"wpforms-submit \" id=\"wpforms-submit-2719\" value=\"wpforms-submit\" aria-live=\"assertive\" data-alt-text=\"Enviando...\" data-submit-text=\"Enviar\">Enviar<\/button><\/div><\/form><\/div>  <!-- .wpforms-container -->\n","protected":false},"excerpt":{"rendered":"Solicitud de Socio - Oficina Central, FloridaPlease enable JavaScript in your browser to complete this form.Nombre Completo *Seguro Social *Fecha de Nacimiento *MM\/DD\/YYYYN\u00famero de licencia *Fecha de Expiraci\u00f3n *MM\/DD\/YYYYDirecci\u00f3n F\u00edsica *Direcci\u00f3n Postal *N\u00famero de Tel\u00e9fono *Lugar de Empleo *Ocupaci\u00f3n *Correo Electr\u00f3nico *Enviar","protected":false},"author":1,"featured_media":0,"parent":0,"menu_order":0,"comment_status":"closed","ping_status":"closed","template":"","meta":{"footnotes":""},"class_list":["post-2714","page","type-page","status-publish","hentry"],"_links":{"self":[{"href":"https:\/\/admichess.com\/floridacoop\/wp-json\/wp\/v2\/pages\/2714","targetHints":{"allow":["GET"]}}],"collection":[{"href":"https:\/\/admichess.com\/floridacoop\/wp-json\/wp\/v2\/pages"}],"about":[{"href":"https:\/\/admichess.com\/floridacoop\/wp-json\/wp\/v2\/types\/page"}],"author":[{"embeddable":true,"href":"https:\/\/admichess.com\/floridacoop\/wp-json\/wp\/v2\/users\/1"}],"replies":[{"embeddable":true,"href":"https:\/\/admichess.com\/floridacoop\/wp-json\/wp\/v2\/comments?post=2714"}],"version-history":[{"count":2,"href":"https:\/\/admichess.com\/floridacoop\/wp-json\/wp\/v2\/pages\/2714\/revisions"}],"predecessor-version":[{"id":2720,"href":"https:\/\/admichess.com\/floridacoop\/wp-json\/wp\/v2\/pages\/2714\/revisions\/2720"}],"wp:attachment":[{"href":"https:\/\/admichess.com\/floridacoop\/wp-json\/wp\/v2\/media?parent=2714"}],"curies":[{"name":"wp","href":"https:\/\/api.w.org\/{rel}","templated":true}]}}