{"id":7881,"date":"2022-05-02T12:51:25","date_gmt":"2022-05-02T12:51:25","guid":{"rendered":"http:\/\/admichess.com\/juanadiaz-coop\/?page_id=7881"},"modified":"2024-11-02T01:39:51","modified_gmt":"2024-11-02T01:39:51","slug":"mision-y-vision","status":"publish","type":"page","link":"https:\/\/admichess.com\/larcoop\/mision-y-vision\/","title":{"rendered":"Misi\u00f3n y Visi\u00f3n"},"content":{"rendered":"\t\t<div data-elementor-type=\"wp-page\" data-elementor-id=\"7881\" class=\"elementor elementor-7881\" data-elementor-post-type=\"page\">\n\t\t\t\t\t\t<section class=\"elementor-section elementor-top-section elementor-element elementor-element-6f94e1d elementor-section-boxed elementor-section-height-default elementor-section-height-default rt-parallax-bg-no\" data-id=\"6f94e1d\" data-element_type=\"section\">\n\t\t\t\t\t\t<div class=\"elementor-container elementor-column-gap-default\">\n\t\t\t\t\t<div class=\"elementor-column elementor-col-100 elementor-top-column elementor-element elementor-element-0b3b4bc\" data-id=\"0b3b4bc\" data-element_type=\"column\">\n\t\t\t<div class=\"elementor-widget-wrap elementor-element-populated\">\n\t\t\t\t\t\t\t<\/div>\n\t\t<\/div>\n\t\t\t\t\t<\/div>\n\t\t<\/section>\n\t\t\t\t<section class=\"elementor-section elementor-top-section elementor-element elementor-element-727c1be elementor-section-boxed elementor-section-height-default elementor-section-height-default rt-parallax-bg-no\" data-id=\"727c1be\" data-element_type=\"section\">\n\t\t\t\t\t\t<div class=\"elementor-container elementor-column-gap-default\">\n\t\t\t\t\t<div class=\"elementor-column elementor-col-100 elementor-top-column elementor-element elementor-element-7402d63\" data-id=\"7402d63\" data-element_type=\"column\">\n\t\t\t<div class=\"elementor-widget-wrap elementor-element-populated\">\n\t\t\t\t\t\t<section class=\"elementor-section elementor-inner-section elementor-element elementor-element-8aff071 elementor-section-boxed elementor-section-height-default elementor-section-height-default rt-parallax-bg-no\" data-id=\"8aff071\" data-element_type=\"section\">\n\t\t\t\t\t\t<div class=\"elementor-container elementor-column-gap-default\">\n\t\t\t\t\t<div class=\"elementor-column elementor-col-100 elementor-inner-column elementor-element elementor-element-9ab2b0c\" data-id=\"9ab2b0c\" data-element_type=\"column\">\n\t\t\t<div class=\"elementor-widget-wrap elementor-element-populated\">\n\t\t\t\t\t\t<div class=\"elementor-element elementor-element-2a4a17a elementor-widget elementor-widget-rt-text-with-button\" data-id=\"2a4a17a\" data-element_type=\"widget\" data-widget_type=\"rt-text-with-button.default\">\n\t\t\t\t<div class=\"elementor-widget-container\">\n\t\t\t\t\t<div class=\"title-text-button barshow text-style1\">\n\t\n\t\t\t<h4 class=\"subtitle style1\">Larcoop<span class=\"title-bar1\"><\/span><span class=\"title-bar2\"><\/span><\/h4>\n\t\t\t\t<h2 class=\"section-title\">Visi\u00f3n y Misi\u00f3n\n<\/h2>\t<div class=\"section-content\"><\/div>\n\t<\/div>\t\t\t\t<\/div>\n\t\t\t\t<\/div>\n\t\t\t\t<div class=\"elementor-element elementor-element-f98328d elementor-widget elementor-widget-rt-info-box\" data-id=\"f98328d\" data-element_type=\"widget\" data-widget_type=\"rt-info-box.default\">\n\t\t\t\t<div class=\"elementor-widget-container\">\n\t\t\t\t\t<div class=\"info-box info-style2\">\n\t<div class=\"info-item  media-icon\">\n\t\t<div class=\"info-media\">\n\t\t\t \t\n\t\t\t\t\t\t\t<span class=\"info-icon\"><i class=\" flaticon-pie-graph\"><\/i><\/span>\n\t\t\t\t\t\t\t\n\t\t<\/div>\n\t\t<div class=\"info-content media-body\">\n\t\t\t\t\t\t\t<h3 class=\"info-title\">Visi\u00f3n<\/h3>\n\t\t\t\t\t\t\t\t\t\t<div class=\"info-text\">Consolidarnos como la mejor opci\u00f3n financiera en el sistema\ncooperativo puertorrique\u00f1o.<\/div>\n\t\t\t\t\t\t\t\t<\/div>\n\t<\/div>\n<\/div>\t\t\t\t<\/div>\n\t\t\t\t<\/div>\n\t\t\t\t<div class=\"elementor-element elementor-element-421b589 elementor-widget elementor-widget-rt-info-box\" data-id=\"421b589\" data-element_type=\"widget\" data-widget_type=\"rt-info-box.default\">\n\t\t\t\t<div class=\"elementor-widget-container\">\n\t\t\t\t\t<div class=\"info-box info-style2\">\n\t<div class=\"info-item  media-icon\">\n\t\t<div class=\"info-media\">\n\t\t\t \t\n\t\t\t\t\t\t\t<span class=\"info-icon\"><i class=\" flaticon-lightbulb\"><\/i><\/span>\n\t\t\t\t\t\t\t\n\t\t<\/div>\n\t\t<div class=\"info-content media-body\">\n\t\t\t\t\t\t\t<h3 class=\"info-title\">Misi\u00f3n<\/h3>\n\t\t\t\t\t\t\t\t\t\t<div class=\"info-text\">LARCOOP provee servicios financieros con excelencia y eficacia a la\ncomunidad puertorrique\u00f1a. Fomenta el ahorro y el uso prudente del cr\u00e9dito a trav\u00e9s de\nla educaci\u00f3n fundamentada en los principios cooperativistas. Contribuye de manera\nproactiva a mejorar la calidad de vida de la comunidad mediante la innovaci\u00f3n y\ndesarrollo de capital social y los valores de equidad, transparencia, confianza y\nresponsabilidad social.<\/div>\n\t\t\t\t\t\t\t\t<\/div>\n\t<\/div>\n<\/div>\t\t\t\t<\/div>\n\t\t\t\t<\/div>\n\t\t\t\t<div class=\"elementor-element elementor-element-356e4fd elementor-widget elementor-widget-rt-info-box\" data-id=\"356e4fd\" data-element_type=\"widget\" data-widget_type=\"rt-info-box.default\">\n\t\t\t\t<div class=\"elementor-widget-container\">\n\t\t\t\t\t<div class=\"info-box info-style2\">\n\t<div class=\"info-item  media-icon\">\n\t\t<div class=\"info-media\">\n\t\t\t \t\n\t\t\t\t\t\t\t<span class=\"info-icon\"><i class=\" flaticon-target\"><\/i><\/span>\n\t\t\t\t\t\t\t\n\t\t<\/div>\n\t\t<div class=\"info-content media-body\">\n\t\t\t\t\t\t\t<h3 class=\"info-title\">Valores<\/h3>\n\t\t\t\t\t\t\t\t\t\t<div class=\"info-text\">Lealtad, Altos est\u00e1ndares, Respeto, Compromiso, Oportunidad, Organizaci\u00f3n, Posicionamiento<\/div>\n\t\t\t\t\t\t\t\t<\/div>\n\t<\/div>\n<\/div>\t\t\t\t<\/div>\n\t\t\t\t<\/div>\n\t\t\t\t\t<\/div>\n\t\t<\/div>\n\t\t\t\t\t<\/div>\n\t\t<\/section>\n\t\t\t\t\t<\/div>\n\t\t<\/div>\n\t\t\t\t\t<\/div>\n\t\t<\/section>\n\t\t\t\t<section class=\"elementor-section elementor-top-section elementor-element elementor-element-f4897b5 elementor-hidden-desktop elementor-section-boxed elementor-section-height-default elementor-section-height-default rt-parallax-bg-no\" data-id=\"f4897b5\" data-element_type=\"section\">\n\t\t\t\t\t\t<div class=\"elementor-container elementor-column-gap-default\">\n\t\t\t\t\t<div class=\"elementor-column elementor-col-100 elementor-top-column elementor-element elementor-element-d8c6378\" data-id=\"d8c6378\" data-element_type=\"column\">\n\t\t\t<div class=\"elementor-widget-wrap elementor-element-populated\">\n\t\t\t\t\t\t<div class=\"elementor-element elementor-element-1d4050c elementor-widget elementor-widget-image\" data-id=\"1d4050c\" data-element_type=\"widget\" data-widget_type=\"image.default\">\n\t\t\t\t<div class=\"elementor-widget-container\">\n\t\t\t\t\t\t\t\t\t\t\t\t\t\t\t<img fetchpriority=\"high\" decoding=\"async\" width=\"690\" height=\"617\" src=\"https:\/\/admichess.com\/larcoop\/wp-content\/uploads\/2022\/02\/about-img_1-690x617.jpg\" class=\"attachment-finbuzz-size1 size-finbuzz-size1 wp-image-7473\" alt=\"\" \/>\t\t\t\t\t\t\t\t\t\t\t\t\t\t\t<\/div>\n\t\t\t\t<\/div>\n\t\t\t\t\t<\/div>\n\t\t<\/div>\n\t\t\t\t\t<\/div>\n\t\t<\/section>\n\t\t\t\t<section class=\"elementor-section elementor-top-section elementor-element elementor-element-9621168 callback-section elementor-section-boxed elementor-section-height-default elementor-section-height-default rt-parallax-bg-no\" data-id=\"9621168\" data-element_type=\"section\">\n\t\t\t\t\t\t<div class=\"elementor-container elementor-column-gap-default\">\n\t\t\t\t\t<div class=\"elementor-column elementor-col-100 elementor-top-column elementor-element elementor-element-d0b06ba\" data-id=\"d0b06ba\" data-element_type=\"column\">\n\t\t\t<div class=\"elementor-widget-wrap elementor-element-populated\">\n\t\t\t\t\t\t<section class=\"elementor-section elementor-inner-section elementor-element elementor-element-391a2cf elementor-section-boxed elementor-section-height-default elementor-section-height-default rt-parallax-bg-no\" data-id=\"391a2cf\" data-element_type=\"section\" data-settings=\"{&quot;background_background&quot;:&quot;classic&quot;}\">\n\t\t\t\t\t\t<div class=\"elementor-container elementor-column-gap-default\">\n\t\t\t\t\t<div class=\"elementor-column elementor-col-100 elementor-inner-column elementor-element elementor-element-71bdd4a\" data-id=\"71bdd4a\" data-element_type=\"column\">\n\t\t\t<div class=\"elementor-widget-wrap\">\n\t\t\t\t\t\t\t<\/div>\n\t\t<\/div>\n\t\t\t\t\t<\/div>\n\t\t<\/section>\n\t\t\t\t\t<\/div>\n\t\t<\/div>\n\t\t\t\t\t<\/div>\n\t\t<\/section>\n\t\t\t\t<\/div>\n\t\t","protected":false},"excerpt":{"rendered":"<p>Larcoop Visi\u00f3n y Misi\u00f3n Visi\u00f3n Consolidarnos como la mejor opci\u00f3n financiera en el sistema cooperativo puertorrique\u00f1o. Misi\u00f3n LARCOOP provee servicios financieros con excelencia y eficacia a la comunidad puertorrique\u00f1a. Fomenta el ahorro y el uso prudente del cr\u00e9dito a trav\u00e9s de la educaci\u00f3n fundamentada en los principios cooperativistas. Contribuye de manera proactiva a mejorar la [&hellip;]<\/p>\n","protected":false},"author":1,"featured_media":0,"parent":0,"menu_order":0,"comment_status":"closed","ping_status":"closed","template":"elementor_header_footer","meta":{"footnotes":""},"class_list":["post-7881","page","type-page","status-publish","hentry"],"_links":{"self":[{"href":"https:\/\/admichess.com\/larcoop\/wp-json\/wp\/v2\/pages\/7881","targetHints":{"allow":["GET"]}}],"collection":[{"href":"https:\/\/admichess.com\/larcoop\/wp-json\/wp\/v2\/pages"}],"about":[{"href":"https:\/\/admichess.com\/larcoop\/wp-json\/wp\/v2\/types\/page"}],"author":[{"embeddable":true,"href":"https:\/\/admichess.com\/larcoop\/wp-json\/wp\/v2\/users\/1"}],"replies":[{"embeddable":true,"href":"https:\/\/admichess.com\/larcoop\/wp-json\/wp\/v2\/comments?post=7881"}],"version-history":[{"count":21,"href":"https:\/\/admichess.com\/larcoop\/wp-json\/wp\/v2\/pages\/7881\/revisions"}],"predecessor-version":[{"id":9289,"href":"https:\/\/admichess.com\/larcoop\/wp-json\/wp\/v2\/pages\/7881\/revisions\/9289"}],"wp:attachment":[{"href":"https:\/\/admichess.com\/larcoop\/wp-json\/wp\/v2\/media?parent=7881"}],"curies":[{"name":"wp","href":"https:\/\/api.w.org\/{rel}","templated":true}]}}